 = 13*x**3 + 13. Let b be r(3). Suppose 0 = -b*i + 365*i - 1012. List the prime factors of i.
2, 11, 23
Suppose 5703359 = 60*t - 725935 + 800214. List the prime factors of t.
2, 61, 769
Let p(k) = 16*k**2 + 196*k - 2442. What are the prime factors of p(14)?
2, 3, 191
List the prime factors of (679208/413)/((-6)/(-21)).
2, 1439
Suppose 26*w = 805194 - 96018. List the prime factors of w.
2, 3, 2273
Suppose -43905 + 290326 = -k + 48*k. What are the prime factors of k?
7, 107
Let c = -195 + 1100. Suppose 0 = 5*i + 6*h - h - c, -201 = -i - 5*h. What are the prime factors of i?
2, 11
Suppose 0 = -4*n + 5*n - 2. Suppose -n*b - 16 = -4*t + 2*t, -5*t - b + 40 = 0. What are the prime factors of (13 - 0) + (t - 7)?
2, 7
Let o(h) be the third derivative of 36*h**2 - 1/2*h**3 + 0*h + 13/24*h**4 + 0 + 1/60*h**5. What are the prime factors of o(11)?
3, 29
Suppose 91 + 74 = -3*a. Let x = a - -26. Let k = -11 - x. What are the prime factors of k?
2, 3
Let n = 671 - 643. What are the prime factors of (2/(-6))/((n/(-7))/60)?
5
Suppose -33 = -5*q + 4*y, 4*q + 10 - 24 = -3*y. Let k be (132/16)/(q/20). Let f = k + -16. What are the prime factors of f?
17
Let o = 76 + 169. Let b = o + 89. What are the prime factors of b?
2, 167
Suppose 5*u + 469 = r, 8*r - 10*u - 3787 = -5*u. List the prime factors of r.
2, 3, 79
Suppose -9*p = -p - 48. Let c be (-416)/10 + p/45*-3. List the prime factors of c/(-4) + -6*2/(-8).
2, 3
Suppose 0 = 30*w + 2811 - 22431. Suppose 3*z - w = -g, 9*z = 8*z - 3. List the prime factors of g.
3, 13, 17
Let n be (-10)/15*(0 + (-2505)/10). Suppose 4*i + 8 + 114 = 3*y, 4*y - i - n = 0. What are the prime factors of y?
2, 3, 7
Let c = -1345 + 14210. List the prime factors of c.
5, 31, 83
Suppose 238968 = 45*b - 598167. What are the prime factors of b?
3, 13, 53
Suppose 0 = 71*p - 2449786 - 404059. List the prime factors of p.
5, 8039
Let d(k) = -15*k**2 + 2018*k - 65. What are the prime factors of d(129)?
2, 17, 313
Suppose -11255 = -w + 4*n + 851, 0 = -3*w + n + 36384. List the prime factors of w.
2, 5, 1213
Let r(n) = 72*n + 66*n + 56*n**2 - 3 - 143*n. What are the prime factors of r(2)?
211
Suppose -1375*v = -1229*v - 194472. What are the prime factors of v?
2, 3, 37
Suppose 0 = -4*u - 4*r + 36, 6*u - 4*u - 13 = -r. Suppose 4*l = -3*i + 799, u*i - 764 = -4*l + 8*i. What are the prime factors of l?
2, 7
Suppose -3*b - 2907 = -3*j, 2805 + 1111 = 4*j + 4*b. Let h = j + -411. Suppose h = 5*x + 83. List the prime factors of x.
2, 3
Let j be ((-5)/(90/(-24)))/((-2)/60). Let t be 20/j*(0 + 0). Suppose t*d - 3*d = -405. What are the prime factors of d?
3, 5
Let g = 4094 + -1977. Suppose -151 = -6*n + g. What are the prime factors of n?
2, 3, 7
Let o = 52034 + -34346. What are the prime factors of o?
2, 3, 11, 67
Let r = -567 + 10485. List the prime factors of r.
2, 3, 19, 29
Suppose 0 = 2*b - 15 + 11. Let o be b*(-3)/2 - -1. What are the prime factors of (10 - 4)*(-1)/(o/6)?
2, 3
Suppose -3*a = 2*g - 547, -2*g = -5*g - 5*a + 819. Suppose -21*t = -24*t, 0 = -x + 3*t + g. What are the prime factors of x?
2, 139
Let z be 2/(-10)*0 - 0. Suppose -11*c + 4509 - 373 = z. What are the prime factors of c?
2, 47
Let y be ((-10)/(-25))/((-284)/(-140) - 2). Let g(l) = 2*l**2 - 4*l - 32. What are the prime factors of g(y)?
2, 19
Let p be ((-3)/5)/((-21)/(-105)). Let v(o) = 23*o**2 - 23*o - 68. What are the prime factors of v(p)?
2, 13
Let v(j) = -3*j**2 + 649*j + 2386. What are the prime factors of v(175)?
2, 12043
Let v(n) = n**3 + 26*n**2 - 29*n - 25. Let g be v(-27). Let t = 29 - g. Suppose -3*a + 6*a - 780 = t. List the prime factors of a.
2, 5, 13
Let w = 64 + -66. What are the prime factors of (30/90)/(w - (-1483)/741)?
13, 19
Let u be 2 - (4 + -10 - -4). Suppose -2*b + 17 = 5*z - u, -2*z + 26 = 3*b. Let y = 17 - b. What are the prime factors of y?
3
List the prime factors of (-16337)/(-5) - 132/3520*-16.
2, 19, 43
Let g(d) = 2*d**3 - 10*d**2 + 4*d + 2. Suppose 10*a - a = 72. Let k be g(a). List the prime factors of k/3*(-12)/(-8).
11, 19
Let v = 454 - 452. Suppose l = -2*u + 1670, -4*u + v*l - 6*l + 3332 = 0. What are the prime factors of u?
3, 31
Let c = 4432 + -151. What are the prime factors of c?
3, 1427
Let z(i) be the second derivative of -i**5/20 - 7*i**4/12 - 2*i**3/3 - 8*i**2 - 7*i. Let a be z(-7). Let f = a + -2. List the prime factors of f.
2, 5
Suppose -5 = -y, 6*r - r + 2*y = 10. Let w = 107 + 166. Suppose r*h = 2*h + 5*k - w, 5*h - 639 = 2*k. List the prime factors of h.
3, 43
Suppose -4*w + 7*w = w. Suppose 5*g - 46 = -r, -4*g + w*r = 3*r - 39. Suppose 1560 = g*b + 336. What are the prime factors of b?
2, 17
Let q = 85 - 79. List the prime factors of q - (0 + -400 - 1).
11, 37
Let h(f) = 36*f**2 - f - 31. Let q be h(-5). Let r = -496 + q. List the prime factors of r.
2, 3, 7
Let c be (-20)/(-8)*(8 - 0). Suppose -251 = 5*k + 2*y, 4*k - 45*y + 211 = -50*y. Let h = c - k. List the prime factors of h.
3, 23
List the prime factors of (99 + -130984)*3/2*4/(-30).
26177
Suppose 1250*m - 1332*m = -328082. List the prime factors of m.
4001
Suppose -12986 - 11098 = -12*r. Suppose 0 = 2*l - r - 659. List the prime factors of l.
31, 43
Let n(w) = 41*w**3 - 9*w**2 - 217*w + 1327. What are the prime factors of n(6)?
43, 199
Suppose 0 = 11*u - 7*u + 16. Let l = u + 9. Suppose -l*b + 143 = -3*z + 2*z, b = 5*z + 19. List the prime factors of b.
29
Let z = -360 - -405. Suppose -3 = 3*h, -4*q + 5*h = -0*h - z. What are the prime factors of q?
2, 5
Suppose -d = -5*a - 135, 48*d + 621 = 53*d + 2*a. Suppose 1592 = 2*h + 2*c, 5*c = h - d - 641. List the prime factors of h.
7, 113
Let p be -78 + (2 + 4)/2. Let a = p + 164. Suppose 535 = 6*y - a. List the prime factors of y.
2, 13
Let u(m) = m**3 + 2*m**2 + 2*m + 5. Let f be u(0). Suppose 4*i = -9*z + 6*z + 690, 2*i = f*z + 358. List the prime factors of i.
2, 3, 29
List the prime factors of -6 - (46920/(-10) - -12).
2, 3, 19, 41
Let x(d) = 4*d - 303*d**2 + 581 + 304*d**2 + 246. What are the prime factors of x(0)?
827
Let u = -2461 - -4465. Let p be (18 - 32 - -14) + 2*5. Suppose -u = -p*f - 2*f. List the prime factors of f.
167
Let w(r) = -50*r - 10*r + 91 - 57 + 112. List the prime factors of w(-6).
2, 11, 23
Let o(d) = -10*d + 10. Let i(p) = -9*p + 11. Let j(n) = -7*i(n) + 6*o(n). Let k be j(7). What are the prime factors of 3/24*698 - 1/k?
3, 29
Let c(y) = -19*y - 78 - 83 - 14 - 28. List the prime factors of c(-27).
2, 5, 31
Let u = -1160 - -3540. Suppose 6*a = 2030 + u. List the prime factors of a.
3, 5, 7
Suppose -6*h + 11*h = 5*r + 27850, -4*h - 3*r = -22294. Suppose -h = 35*z - 39*z. List the prime factors of z.
7, 199
Suppose 3*v = -2*z - 6579, 34*v - 12 = 38*v. Let f = -2206 - z. What are the prime factors of f?
13, 83
Let c(z) = 5*z + 128. Let d be c(-25). Suppose -t = -x - 353, t + 3*x - 352 = -d. What are the prime factors of t?
2, 11
Let t = 1075 + 4658. List the prime factors of t.
3, 7, 13
Suppose -1 = -4*t + 3. Suppose -h - 21 = -t. List the prime factors of (-4)/6*570/h.
19
Let j be 6 + 3 + -8 + 16. Suppose 698 = 5*h + 98. Let b = h - j. What are the prime factors of b?
103
Suppose 0 = 4*i + f - 118395, 120*f - 119*f - 59195 = -2*i. What are the prime factors of i?
2, 5, 37
Let d be 1084 + (-7 - 0) + 15. Suppose 0*q + d = c + 5*q, c + 3*q = 1094. What are the prime factors of c?
1097
Suppose x + 3 = 4*y, -4*x - 3*y = 2*y - 30. Suppose -x*c - 128 = -c. Let s = 8 - c. What are the prime factors of s?
2, 5
Let v(q) = -3*q**3 - 10*q**2 - 7*q - 42. List the prime factors of v(-12).
2, 3, 631
Let p = 37838 + 17239. What are the prime factors of p?
3, 11, 1669
Suppose 68 = -51*f + 55*f. Suppose -f*x = -9595 - 2067. List the prime factors of x.
2, 7
Let n(c) = -2*c**2 + 4 - 6 + c**2 - 21*c + 3. Let x be n(-20). Let w(m) = m**3 - 19*m**2 - 33*m + 37. What are the prime factors of w(x)?
2, 113
Let t = 398 - 406. List the prime factors of (t/(-12))/(14/15456).
2, 23
Let r = -627 - -1194. Suppose x - h - r = -x, 3*x - 843 = -h. What are the prime factors of x?
2, 3, 47
Let m = 16 - 9. Suppose m*s = 880 - 68. What are the prime factors of s?
2, 29
Suppose 4*t = t + 5*r + 16, 3*r = 3*t - 12. Suppose -45*i - 52*i = 21*i - 118. List the prime factors of 8 + 0 - ((t - i) + -1).
2
Let t = 128 + 57. Let i(k) = -k**3 